 divisor of 220 and b?
110
Suppose 0 = -4*l + 5*l - 16. Suppose -c = -9*c + l. Suppose 0 = c*o + 5*h - 82 + 27, -65 = -4*o - h. Calculate the highest common divisor of o and 5.
5
Let t(c) = 2*c - 3. Let a = 1 - -4. Let z be t(a). Let g be 13 + (-57 - -30) + 30/2. What is the highest common factor of z and g?
1
Suppose 370*y - 344*y - 35438 = 0. Calculate the greatest common factor of y and 188.
47
Let d = 9033 + -8728. What is the greatest common factor of d and 61?
61
Let y = -5975 - -7548. Calculate the highest common divisor of 572 and y.
143
Let p be -2 - -3 - 10/4*4. Let n(i) = 4*i + 54. Let d be n(p). Calculate the greatest common factor of d and 8.
2
Let b = -77 - -81. Suppose -24 = o - 3*o + 2*g, 4*o + b*g = 80. Let c be 24*2/3 + -4. Calculate the greatest common divisor of c and o.
4
Suppose 115 - 295 = -6*k. Suppose 270*v - 1920 = 266*v. Calculate the greatest common factor of k and v.
30
Let h = -20516 + 21026. What is the highest common factor of h and 320?
10
Let u(m) = 8*m**2 - 45*m + 19. Let v be u(7). Calculate the greatest common factor of v and 376.
8
Let n(f) = 6*f**3 + 4*f**2 - 5*f - 2. Let t be n(2). What is the highest common divisor of 1807 and t?
13
Let w be ((-1561)/14)/(1/(-2)). Suppose d = 2*d - 3*f - 89, 0 = 2*d + 3*f - w. Let x be 2/(-1 + -1) + 27. Calculate the greatest common divisor of x and d.
26
Let q = 990 + -932. What is the highest common divisor of q and 3538?
58
Suppose 4 + 20 = 12*c. Let l be (c/(-6))/(3 - 100/33). Calculate the greatest common factor of l and 121.
11
Suppose 583*j - 264 = 575*j. Suppose 29*s - 3861 = 20*s. Calculate the highest common divisor of j and s.
33
Suppose 46*y - 40615 = 27143. What is the greatest common divisor of y and 3?
3
Let g be (1000/1250)/((-1)/(-445)) + (-1 - -2). Calculate the highest common factor of g and 969.
51
Let x = 19179 - 19142. Calculate the highest common factor of 23606 and x.
37
Suppose -5*u - 3*a + 534 = 0, 86*u + 3*a = 91*u - 516. Calculate the greatest common divisor of u and 6755.
35
Suppose 4*o - 61 = -5*b + 24, 68 = 4*b - o. Suppose -14 + 218 = b*r. What is the greatest common factor of r and 16?
4
Let j(c) = c**3 - 14*c**2 + 32*c + 26. Let p be j(11). Suppose 0 = p*v - 232 + 52. Calculate the greatest common divisor of v and 21.
3
Let t = 23073 + -22173. What is the highest common divisor of 36 and t?
36
Suppose 4 = l - 3*n - 2, 0 = -l - 2*n + 6. Suppose 0 = 19*v - 314 + 29. What is the highest common factor of v and l?
3
Suppose -f + z + 27 = 0, 5*f + 50 = 7*f + 2*z. Suppose 565 = m + 45. What is the greatest common factor of m and f?
26
Suppose 0 = 4*x + 15 - 95. Let v(j) = -310*j + 13030. Let g be v(42). What is the highest common divisor of g and x?
10
Let q(j) = -j**3 - 6*j**2 + 0*j**2 + 5 - 34 + j**2. Let a be q(-7). What is the greatest common factor of a and 23?
23
Let n be -5 + (-2 + 24 - 15). Calculate the greatest common factor of 146 and n.
2
Let s be 13/(0 - 1/(-2)). Suppose 0 = 53*b - 52*b - 95. Let d be 3667/b - (-2)/5. Calculate the greatest common factor of s and d.
13
Let x(s) = 51*s + 325. Let j be x(-6). Calculate the greatest common divisor of 8417 and j.
19
Let g be ((-63)/(-36))/(2/8). Suppose -o + 21 = 2*z + g, 0 = 2*o - 3*z + 7. What is the highest common divisor of o and 7?
1
Let d(c) = 2*c**2 - 32*c - 736. Let x be d(59). What is the highest common factor of 18 and x?
18
Let r = 2715 + 2405. What is the highest common divisor of r and 40?
40
Suppose -5*q + 3*k = -7851, -q = k - 3*k - 1566. Suppose q = 3*j + 4*i, 4*j - 893 - 1172 = 5*i. Calculate the highest common divisor of j and 20.
20
Let o be 4 - (0 + 1 + 1). Let k = -44 - -42. Let h be ((-168)/(-140))/((o/k)/(-180)). What is the greatest common divisor of 36 and h?
36
Suppose -10975 = 141*b - 577513. Calculate the greatest common factor of b and 164.
82
Suppose -2 + 27 = -4*b + 3*d, -5*d - 5 = 0. Let n(f) = -3*f**3 - 8*f**2 + 19*f + 70. Let x be n(b). Calculate the highest common factor of 14 and x.
14
Let i = -17172 - -17202. What is the highest common divisor of 435 and i?
15
Let r = 10133 + -10092. Calculate the highest common factor of 7339 and r.
41
Let r be 50*(-2)/(-5)*1. Let q = 26601 - 26181. What is the greatest common factor of q and r?
20
Suppose 171916 = 313*x - 202432. What is the highest common factor of 782 and x?
46
Suppose 0*d - 66 = -d. Let l be (4 - -1 - 247)*-2. Suppose -160*w + 138*w + l = 0. What is the highest common factor of w and d?
22
Suppose 3*h = 8 + 4. Let w = 68 + -117. Let j = -33 - w. What is the greatest common divisor of h and j?
4
Let b = -1663 - -1680. Let g = -6 - -11. Suppose o = -o - 4*c + 154, -g*c = -4*o + 360. Calculate the highest common divisor of o and b.
17
Suppose -17*p + 19*p = 3*m - 26, -4*m + 16 = 2*p. Calculate the highest common factor of m and 267.
3
Let y(p) = 122*p + 747. Let i be y(-6). What is the highest common factor of i and 1985?
5
Let l = -947 - -1138. What is the greatest common factor of l and 1?
1
Let n(h) = 9*h + 603. Let t be n(-33). What is the highest common divisor of t and 1734?
102
Let w(s) = 262*s + 7. Let j be w(1). Suppose 0*g - 175 = -3*n + 5*g, 5*n + 3*g = j. Calculate the highest common factor of 10 and n.
5
Suppose 2*x - 3883 = -1123. Suppose -857 = -3*m - f + 178, 0 = 4*m - 4*f - x. What is the highest common divisor of m and 15?
15
Let s = -9572 + 10036. What is the highest common divisor of s and 2204?
116
Let p = 86 + -94. Let a be (-10)/p - (-4847)/148. What is the greatest common divisor of a and 272?
34
Suppose 2*d + 9*t - 6071 = 0, 4*t + t = 3*d - 9014. Calculate the greatest common factor of 23 and d.
23
Let k(p) = -434*p + 5284. Let a be k(12). What is the greatest common factor of a and 72?
4
Suppose -4*g + 1 = -5*g. Let z be 4824/16 + g/(-2). Let i = 454 - z. Calculate the greatest common factor of i and 19.
19
Let b(m) = -m**3 - 24*m**2 - 243*m - 14. Let l be b(-18). Calculate the greatest common divisor of 32 and l.
16
Let n be 1/5 - 144/(-5). Suppose -37 = -6*m + n. Suppose 85 = f + 4*x, 5*x + 375 = 5*f - 0*x. Calculate the greatest common factor of m and f.
11
Let u(s) = -s**3 + 8*s**2 - 7*s + 24. Let x be u(6). Calculate the greatest common divisor of x and 2214.
54
Suppose -653 = -68*i + 163. Calculate the greatest common divisor of i and 2076.
12
Suppose 426 = 4*v + 3*u, -129 = -6*v + 5*v + 3*u. What is the greatest common divisor of 1184 and v?
37
Let v = 6317 + -6277. Calculate the highest common divisor of v and 24.
8
Suppose 5*h = -25, 2*i - 4*h - 35 = 29. Calculate the greatest common divisor of i and 5522.
22
Suppose 0 = -2*h + 4*f + 6, 24 - 21 = h - 4*f. What is the greatest common factor of h and 129?
3
Suppose 0*c = -26*c + 14673 - 2115. Let t = 68 + -47. Calculate the highest common factor of t and c.
21
Let p = 17 - 14. Suppose -5*x - 3*a + a = -17, -p*a - 37 = -5*x. Let o be (-4 - -3)*x*-4. Calculate the highest common factor of 40 and o.
20
Suppose -3*u - 30 = 3*m, 4*u - 3*m + 15 + 25 = 0. Let y(o) = -o**3 - 5*o**2 + 6*o + 121. Let b be y(u). What is the highest common factor of b and 34?
17
Suppose 76 = 5*j + 4*d - 5*d, 3*j - 48 = 3*d. Let i be j/(((-25)/10)/(-1)). What is the greatest common factor of i and 108?
6
Let r be ((-6)/12)/(-2*(-12)/(-1776)). What is the greatest common divisor of r and 35?
1
Suppose -5*b + 4*v + 948 = 0, -5*b + 969 = 16*v - 13*v. What is the highest common factor of b and 72?
24
Suppose 18 = 7*l - 10. Suppose -3*w + l*d = -w - 176, -3*d = -12. Suppose -4*o = -o - w. Calculate the highest common factor of 8 and o.
8
Let y be ((-930)/40)/((-1)/20). Suppose 9*t = 111 + y. Let q = t + -8. What is the greatest common factor of q and 7?
7
Suppose 3*q + 5*s = 724, -2*q - 2*s = s - 484. Let y be 2*127 - (47 + -45). Suppose y = 13*g - 151. What is the greatest common factor of g and q?
31
Suppose -y + 3*r = 3*y + 371503, -4*y - r = 371483. Let g be y/(-380) + (-4)/10. What is the highest common divisor of 4 and g?
4
Let y be 4/(-14) + 102/14. Suppose -190 = 19*w - 0*w. Let h(v) = v**2 + 4*v - 32. Let r be h(w). Calculate the greatest common divisor of r and y.
7
Suppose 105*b = 46*b - 31*b + 153000. Calculate the greatest common factor of 1150 and b.
50
Suppose 114 = 3*r + 2*u + 2*u, 0 = -8*r + 5*u + 210. What is the highest comm